mber?
True
Let t be (476 - 12)*62/16*2. Let i = 16393 - t. Is i a prime number?
False
Suppose -u - 83 = -53. Let m be u/(-25)*5*8/12. Is 3178/m - (-1)/(-2) a prime number?
False
Suppose 0 = 87*r - 939 - 714. Let z(x) be the first derivative of 21*x**2/2 + 38*x - 2. Is z(r) composite?
True
Let q = 588 + -1264. Let u = 482 - q. Suppose -2*b - 191 + 780 = -3*z, -4*b + u = -2*z. Is b a composite number?
True
Suppose -42*i = -39*i - 373155. Is i prime?
False
Let q = -151 + 212. Let o = q - -202. Is o prime?
True
Let m = 30 - -1234. Let d = m + -410. Suppose -d = y - 2527. Is y a prime number?
False
Let p(r) be the third derivative of 241*r**6/120 - r**5/30 + r**3/2 - 30*r**2 - 2*r. Let j = -7 + 9. Is p(j) prime?
False
Suppose 6*h - 31227 = 95925. Let f = -14803 + h. Is f a prime number?
True
Suppose 4*g + 32 = 3*o + 3*g, 0 = -4*o + 2*g + 40. Suppose 485 = 13*b - o*b. Is b prime?
False
Suppose -3*d = 5*r + 26, 4*r = 2*r - 8. Is (d/(-6) + 0)*(19565 - 2) composite?
False
Let p(y) = 254*y + 4. Let c be p(0). Let l(v) = 176*v + 21. Let x(m) = -177*m - 20. Let s(b) = 5*l(b) + 4*x(b). Is s(c) prime?
False
Suppose r - l = -3*r + 481, -4*r + 451 = 5*l. Suppose -r + 5153 = 6*z. Is z a prime number?
True
Let i be (-2 + 28/8)/(6/13072). Suppose 2*g + 36*u - i = 31*u, 3*g = 3*u + 4923. Is g a prime number?
False
Is (-53 + (-22 - -17))/((-8)/70204) a prime number?
False
Suppose 0 = l - 2, -d + 3*l = -23359 - 82564. Is d a prime number?
True
Suppose 3*s - 12 = -3*l, 1 = -s - 4*l + 5. Suppose 4*v + 864 = s*j, -2*j + j + 4*v = -231. Is j composite?
False
Suppose 0 = 3*j - 2*u + 6 + 4, -4*u = -3*j - 20. Suppose 14*y - 25214 = -j*y. Is y a composite number?
False
Is 3 + 237/(-81) - ((-44234260)/(-108))/(-7) a composite number?
False
Suppose d - 152*m - 124777 = -156*m, -5*d + 4*m + 623957 = 0. Is d a prime number?
False
Suppose -4*u = 4*a - a + 528, u - 2*a = -143. Let b(o) = -11*o + 160. Let h be b(14). Is (-2)/h*(-4 - (2 - u)) a composite number?
False
Let j = -3446 - 3231. Let b = 3080 - j. Is b a prime number?
False
Suppose 0 = 83*i - 73*i + 70. Is (4/(-8))/(i/23884) a composite number?
True
Is 644941 + (-14 - (12 - 32)) composite?
True
Let p(k) = -16*k - 23*k - 18*k - 22 + 59*k. Let r be p(12). Is r - (5*-129)/3 a composite number?
True
Suppose -2*z + 375059 = -47*f + 48*f, 5*z = 2*f - 750046. Is f composite?
False
Suppose 0 = q - 0*f - 5*f - 2, 0 = 2*q + 2*f + 20. Is q + 8 + 6543 + -8 prime?
False
Suppose 14*i = -14*i + 2187388. Is i prime?
True
Let a = 1785 + -831. Let s = a - 623. Is s prime?
True
Is (-3)/(-126)*3 - 7040286/(-84) prime?
True
Let u be ((-12)/(-4) + -1)*3. Suppose -3*b + u*b - 6 = 0. Is -3 + (1 - b) - -161 a composite number?
False
Let h(w) = w**3 - 60*w**2 - 116*w + 50. Is h(67) prime?
False
Let m = 134 + 233. Let n = 805 - m. Let s = -239 + n. Is s a composite number?
False
Suppose u - 5*d + 40 = -3*u, -u + d - 10 = 0. Let k be u/35 - 9426/(-14). Suppose 2*f + f - k = -j, 4*j = -3*f + 2710. Is j composite?
True
Suppose 948 + 150893 = l. Is l a prime number?
True
Let d = -72 + 74. Suppose -t = -d*q + 11, -2*t - 3 = -q - 4*t. Suppose 616 + 853 = q*k + 4*s, s = 2*k - 585. Is k a composite number?
False
Suppose 3*q - 69*o + 74*o - 362913 = 0, -3*q - 4*o = -362907. Is q a composite number?
True
Let k(j) = -8404*j - 9685. Is k(-18) prime?
True
Is (-298)/(-2533) - (-37147818)/34 a composite number?
False
Let i be (455224/(-176))/((-2)/4*1). Suppose -5*b + 3492 = 4*v - 6861, -2*v + i = -b. Is v composite?
True
Suppose 10*j - 36*j = -26. Is j/(-5)*5*(5 + -11076) composite?
False
Suppose 2*i - 4*i + 6 = 0. Suppose i*g - g = 4*u, -3*g = -2*u. Suppose f + u*f - 1480 = h, 5*f = -h + 7406. Is f composite?
False
Suppose 6*k - 1699502 = -353*g + 349*g, 0 = -4*k - 4*g + 1133004. Is k prime?
False
Let i be (437521/(-14))/1*-6. Suppose 12*d + 9*d = i. Is d composite?
False
Let j(c) = 16*c**2 - 5*c + 2. Suppose 2*t - 19 = 3*q, 5*q - t + 2*t + 10 = 0. Is j(q) composite?
True
Suppose 0 = -p - 32 - 3. Let b = p - -49. Is -4317*(b/(-6) - -2) a composite number?
False
Let v(h) be the second derivative of 3/2*h**2 + 8/3*h**3 + 0 - 3*h + 7/6*h**4. Is v(-6) prime?
False
Let o(p) = -p**3 + 13*p**2 + 28*p + 37. Let z be o(15). Let x(h) = 33*h**2 + 5*h + 33. Is x(z) prime?
False
Let z(t) = -160*t**3 - 25 + 2*t**2 + 23*t + 161*t**3 + 8*t**2 + 17*t**2. Is z(-24) a prime number?
True
Suppose -4*a + 26*a = 148368. Is a - ((8 - 7) + 1) a composite number?
True
Is 221089939/2030 + ((-13)/10 - -1) a composite number?
True
Let f be (48 + -52)*(1 + -2)*2. Suppose -5*a + f*l = 3*l - 14070, -2*l = 4*a - 11286. Is a composite?
False
Let t = -1388 + 17811. Is t a prime number?
False
Suppose 8 = 3*w - 1. Suppose -5*f + 30 = w*s + 71, 2*s + 5*f = -29. Let c(d) = -d**3 - 11*d**2 - 27*d - 19. Is c(s) a prime number?
True
Let i(x) = 293*x**2 - 216*x + 26. Is i(-15) a prime number?
True
Let r = -3 + 13. Suppose 3*u = w - 3*w + r, -w = 5*u - 5. Suppose u = -6*i + 367 + 1607. Is i composite?
True
Suppose 8*f - 46448686 = 8*f - 86*f. Is f a composite number?
False
Let n = -12 - -14. Suppose -2*i - 2*f = -3*i + 4222, f = -n*i + 8439. Suppose 3*d - i = -d. Is d a composite number?
True
Let k be ((-2)/3)/(2/6). Let s(p) = p**3 - 11*p**2 - 6*p + 31. Let h be s(9). Is (h/k)/(5/10) composite?
True
Let h(z) = -3*z**3 - 27*z**2 - 13*z - 103. Let k(t) = -8*t**3 - 80*t**2 - 39*t - 309. Let w(o) = -11*h(o) + 4*k(o). Is w(24) prime?
False
Is 7 - (13*6/(-234))/((-2)/(-1051692)) a composite number?
True
Let t(q) = 139*q + 4. Let r be t(-9). Is (-7)/(28/8)*r/2 prime?
False
Let c(v) = -v**2 - 3*v + 12. Let q be 4/8*0*-1. Let h be c(q). Suppose -4*u - 3544 = -h*u. Is u prime?
True
Let v(c) = 21482*c + 741. Is v(11) a prime number?
True
Let j(h) be the second derivative of -h**5/20 + 7*h**4/2 - 7*h**3/3 + 37*h**2/2 + 4*h - 4. Is j(27) prime?
False
Suppose 3*r = -4*l + 1426685, -5*r + 2377831 = -923*l + 924*l. Is r a composite number?
True
Suppose s + 4*v = 11657, -2*s + 5*v + 23074 = -266. Is s a prime number?
False
Let n = -9091 + 30332. Is n composite?
True
Suppose 22*p + 180304 = 38*p. Is p prime?
False
Let t = 14956 + -10755. Is t composite?
False
Let y(o) = 53568*o - 353. Is y(3) composite?
True
Suppose -174163 = 7*s + 160780. Let w = 83386 + s. Is w prime?
True
Suppose 42*a - 413787 - 270855 = 0. Is a prime?
True
Let n be 0 + 2 - -8520 - 5. Suppose 0 = -p - 62*v + 60*v + n, -4*p = -2*v - 34048. Is p composite?
False
Let h(x) = -x**3 + 19*x**2 + 21*x - 20. Let d be h(20). Let q be 9*(-3 + (d - -2)). Is 4228/3 - (-3)/q a composite number?
False
Let j(z) = -7*z - 1 - 7*z + 14*z + z**2. Let x(b) = 16*b**2 - 4*b - 4. Let p(f) = -j(f) + x(f). Is p(4) composite?
True
Suppose 9*w + 231184 = -7*w. Let d = -8252 - w. Is d composite?
False
Suppose -21*x = 58595 - 298230 - 157244. Is x a composite number?
False
Suppose 5*k - 225 = -5*w + w, -5*w + 90 = 2*k. Let s be 1294/4 - k/18. Let o = s - -382. Is o composite?
True
Let z(f) be the third derivative of -4/3*f**3 + 0*f + 0*f**4 + 103/60*f**5 - f**2 + 0. Is z(-3) prime?
True
Let y = 661 + -654. Is (-3 - (-2 + y)) + 11485 a composite number?
True
Suppose -35070298 = -48*n - 2243722. Is n a prime number?
True
Suppose 27 = 8*n - 61. Is 26/(n*(-12)/(-101838)) a prime number?
False
Suppose 6*q - 72532 = 3*q - 5*c, 96691 = 4*q + 3*c. Is q a composite number?
False
Suppose -w + 0*w - 1523 = -4*k, 3*w + 4555 = 5*k. Let s = 2834 + w. Is s a composite number?
False
Let g(s) = 65*s**2 + 43*s + 697. Is g(-46) prime?
False
Suppose -2*r = -10*r + 352. Let k be 30/(3 - 124/r). Let f = 421 + k. Is f composite?
True
Let s(r) = -2*r**2 - 21*r - 46. Let y be s(-7). Suppose -y*d = -5*g + 29974, -3*g + 17991 = -0*g - 4*d. Is g composite?
True
Suppose -4*l = 7*t - 958159, -2*t + 24*l = 19*l - 273729. Is t composite?
True
Let h(o) = 6*o**2 + o - 3. Let q(w) = w**2 - 7*w - 18. Let c be q(8). Is h(c) composite?
False
Suppose 5*q - 5*w - 10 = 0, 7*w = 3*q + 3*w - 6. Suppose 0*d - 18 = q*r - 2*d, 22 = -3*r + 2*d. Is 5970/40 + 1/r a composite number?
False
Is (((-72)/(-40))/(-9))/((-1)/176255) a composite number?
False
Let d be (24/12)/(1/2). Suppose -2*u - 4*m + d + 0 = 0, -3*m = -3*u - 12. Is (6 + -4)/u*-1721 prime?
True
Suppose -10*c = -98*c + 1936792. Is c prime?
False
Let r(q) = -10*q 